{"id":44,"date":"2023-11-27T07:31:26","date_gmt":"2023-11-27T07:31:26","guid":{"rendered":"https:\/\/www.bachelor-plus.de\/?page_id=44"},"modified":"2024-07-31T11:02:23","modified_gmt":"2024-07-31T11:02:23","slug":"impressum","status":"publish","type":"page","link":"https:\/\/www.bachelor-plus.de\/index.php\/impressum\/","title":{"rendered":"Impressum"},"content":{"rendered":"\n<p><strong>Anbieterkennzeichnung<\/strong><\/p>\n\n\n\n<p>Anbieter und somit verantwortlich f\u00fcr dieses Onlineangebot ist die Hochschule Reutlingen, vertreten durch Prof. Dr. Hendrik Brumme, Pr\u00e4sident.<\/p>\n\n\n\n<p>Dieses Onlineangebot ist ein Informationsangebot der<\/p>\n\n\n\n<p>Hochschule Reutlingen \/ Reutlingen University<br>Alteburgstra\u00dfe 150<br>72762 Reutlingen<br>Deutschland \/ Germany<\/p>\n\n\n\n<p>E-Mail:&nbsp;info@reutlingen-university.de<br>Web:&nbsp;<a href=\"http:\/\/www.reutlingen-university.de\/\" target=\"_blank\" rel=\"noreferrer noopener\">www.reutlingen-university.de<\/a><\/p>\n\n\n\n<p>Telefon: &nbsp; +49 7121 271-0<br>Telefax: &nbsp;&nbsp; +49 7121 271-1101<\/p>\n\n\n\n<p>Sitz der Hochschule Reutlingen: 72762 Reutlingen<br>Zust\u00e4ndiges Amtsgericht: Reutlingen<br>Rechtsform: K\u00f6rperschaft des \u00f6ffentlichen Rechts (Kd\u00f6R)<\/p>\n\n\n\n<p>Anwendbares Recht: Recht der Bundesrepublik Deutschland (BRD)<\/p>\n\n\n\n<p>Finanzamt Reutlingen<br>Umsatzsteuer-Identifikationsnummer: DE 811 323 197<\/p>\n\n\n\n<p>Vertretungsberechtigt: Prof. Dr. Hendrik Brumme, Pr\u00e4sident<\/p>\n\n\n\n<p><strong>Zust\u00e4ndige Aufsichtsbeh\u00f6rde<\/strong><\/p>\n\n\n\n<p>Ministerium f\u00fcr Wissenschaft, Forschung und Kunst<br>Baden-W\u00fcrttemberg (MWK)<br>K\u00f6nigstra\u00dfe 46<br>70173 Stuttgart<br>Telefon: &nbsp; +49 711 270-0<br>Telefax: &nbsp;&nbsp; +49 711 279-3080<br>E-Mail:&nbsp;&nbsp;&nbsp;&nbsp;&nbsp;poststelle@mwk.bwl.de<br>Web:&nbsp; &nbsp; &nbsp; &nbsp;&nbsp;<a href=\"http:\/\/www.mwk.baden-wuerttemberg.de\/\" target=\"_blank\" rel=\"noreferrer noopener\">www.mwk.baden-wuerttemberg.de<\/a><\/p>\n\n\n\n<p><strong>Zust\u00e4ndige Aufsichtsbeh\u00f6rde f\u00fcr Datenschutz<\/strong><\/p>\n\n\n\n<p>Der Landesbeauftragte f\u00fcr den Datenschutz und die Informationsfreiheit<br>K\u00f6nigstra\u00dfe 10 a<br>70173 Stuttgart<br>Tel.: &nbsp;&nbsp;&nbsp;&nbsp;&nbsp;&nbsp; 0711\/615541-0<br>FAX: &nbsp;&nbsp;&nbsp;&nbsp;&nbsp;&nbsp; 0711\/615541-15<br>E-Mail: &nbsp;&nbsp;&nbsp;&nbsp;poststelle@lfdi.bwl.de<\/p>\n\n\n\n<p><strong>Informationen zur Online-Streitbeilegung gem\u00e4\u00df Art. 14 Abs. 1 ODR-VO:<\/strong><\/p>\n\n\n\n<p>Die EU-Kommission stellt eine Plattform zur Online-Streitbeilegung (OS) bereit, die Sie unter&nbsp;<a href=\"https:\/\/ec.europa.eu\/consumers\/odr\" target=\"_blank\" rel=\"noreferrer noopener\">https:\/\/ec.europa.eu\/consumers\/odr<\/a>&nbsp;finden. Die OS-Plattform dient als Anlaufstelle zur au\u00dfergerichtlichen Beilegung von Streitigkeiten betreffend vertraglicher Verpflichtungen.<\/p>\n\n\n\n<p>Wir sind zur Teilnahme an einem Streitbeilegungsverfahren vor einer Verbraucherschlichtungsstelle weder verpflichtet noch bereit.<\/p>\n\n\n\n<p><strong>Verantwortlicher f\u00fcr journalistisch redaktionelle Beitr\u00e4ge gem\u00e4\u00df \u00a7 18 Abs. 2 Medienstaatsvertrag (MStV):<\/strong><\/p>\n\n\n\n<p>E-Mail: Gabriela.tullius@reutlingen-univervsity.de<br>Fakult\u00e4t Informatik<br>Hochschule Reutlingen, Alteburgstra\u00dfe 150, 72762 Reutlingen, Deutschland\/Germany<\/p>\n\n\n\n<p><strong>Externer Datenschutzbeauftragter gem\u00e4\u00df Art. 37 DSGVO:<\/strong><\/p>\n\n\n\n<p>Maximilian Musch, Deutsche Datenschutzkanzlei<br>E-Mail:&nbsp;maximilian.musch@reutlingen-university.de<br>Web:&nbsp;<a href=\"http:\/\/www.deutsche-datenschutzkanzlei.de\/\" target=\"_blank\" rel=\"noreferrer noopener\">www.deutsche-datenschutzkanzlei.de<\/a><\/p>\n\n\n\n<p><strong>Technische Betreuung dieses Onlineangebotes:<\/strong><br>E-Mail:&nbsp;<a>rmz-leitung@reutlingen-university.de<\/a><br>Hochschule Reutlingen, Alteburgstra\u00dfe 150, 72762 Reutlingen, Deutschland\/Germany<\/p>\n\n\n\n<p><strong>Konzeption dieses Onlineangebotes:<\/strong><\/p>\n\n\n\n<p><strong>Haftung<\/strong><br>Die Hochschule Reutlingen kann dieses Onlineangebot nach eigenem Ermessen und ohne \u00dcbernahme einer Haftung jederzeit ohne Ank\u00fcndigung ganz oder teilweise ver\u00e4ndern und dessen Betrieb einstellen. Durch das Setzen eines Links zu fremden Onlineangeboten (\u201eHyperlinks\u201c) macht sich die Hochschule Reutlingen weder dieses Onlineangebot noch dessen Inhalte zu Eigen. Ferner ist die Hochschule Reutlingen nicht verantwortlich f\u00fcr die Verf\u00fcgbarkeit dieser Onlineangebote oder ihrer Inhalte.<\/p>\n\n\n\n<p><strong>\u00a9 Copyright<\/strong><br>Alle Rechte vorbehalten. Text, Bilder und Grafiken sowie deren Anordnung im Onlineangebot unterliegen dem Schutz des Urheberrechts und anderer Schutzgesetze. Der Inhalt dieses Onlineangebots darf nicht zu kommerziellen Zwecken kopiert, verbreitet, ver\u00e4ndert oder Dritten zug\u00e4nglich gemacht werden.<\/p>\n\n\n\n<p><strong>Hinweis: Allgemeines Gleichbehandlungsgesetz (AGG)<\/strong><br>Aus Gr\u00fcnden der leichteren Lesbarkeit wird auf eine geschlechterspezifische Differenzierung verzichtet. Entsprechende Begriffe gelten im Sinne der Gleichbehandlung f\u00fcr beide Geschlechter.<\/p>\n\n\n\n<p><strong>Dieses Impressum wurde erstellt von:<\/strong><\/p>\n\n\n\n<p>Deutsche Datenschutzkanzlei Datenschutz-Office M\u00fcnchen \u2013&nbsp;<a href=\"http:\/\/www.deutsche-datenschutzkanzlei.de\/\" target=\"_blank\" rel=\"noreferrer noopener\">www.deutsche-datenschutzkanzlei.de<\/a><\/p>\n","protected":false},"excerpt":{"rendered":"<p>Anbieterkennzeichnung Anbieter und somit verantwortlich f\u00fcr dieses Onlineangebot ist die Hochschule Reutlingen, vertreten durch Prof. Dr. Hendrik Brumme, Pr\u00e4sident. Dieses Onlineangebot ist ein Informationsangebot der Hochschule Reutlingen \/ Reutlingen UniversityAlteburgstra\u00dfe 15072762 ReutlingenDeutschland \/ Germany E-Mail:&nbsp;info@reutlingen-university.deWeb:&nbsp;www.reutlingen-university.de Telefon: &nbsp; +49 7121 271-0Telefax: &nbsp;&nbsp; +49 7121 271-1101 Sitz der Hochschule Reutlingen: 72762 ReutlingenZust\u00e4ndiges Amtsgericht: ReutlingenRechtsform: K\u00f6rperschaft des \u00f6ffentlichen &hellip;<\/p>\n<p class=\"read-more\"> <a class=\"\" href=\"https:\/\/www.bachelor-plus.de\/index.php\/impressum\/\"> <span class=\"screen-reader-text\">Impressum<\/span> Read More &raquo;<\/a><\/p>\n","protected":false},"author":1,"featured_media":0,"parent":0,"menu_order":0,"comment_status":"closed","ping_status":"closed","template":"","meta":{"site-sidebar-layout":"default","site-content-layout":"","ast-site-content-layout":"","site-content-style":"default","site-sidebar-style":"default","ast-global-header-display":"","ast-banner-title-visibility":"","ast-main-header-display":"","ast-hfb-above-header-display":"","ast-hfb-below-header-display":"","ast-hfb-mobile-header-display":"","site-post-title":"","ast-breadcrumbs-content":"","ast-featured-img":"","footer-sml-layout":"","theme-transparent-header-meta":"","adv-header-id-meta":"","stick-header-meta":"","header-above-stick-meta":"","header-main-stick-meta":"","header-below-stick-meta":"","astra-migrate-meta-layouts":"","ast-page-background-enabled":"default","ast-page-background-meta":{"desktop":{"background-color":"var(--ast-global-color-4)","background-image":"","background-repeat":"repeat","background-position":"center center","background-size":"auto","background-attachment":"scroll","background-type":"","background-media":"","overlay-type":"","overlay-color":"","overlay-gradient":""},"tablet":{"background-color":"","background-image":"","background-repeat":"repeat","background-position":"center center","background-size":"auto","background-attachment":"scroll","background-type":"","background-media":"","overlay-type":"","overlay-color":"","overlay-gradient":""},"mobile":{"background-color":"","background-image":"","background-repeat":"repeat","background-position":"center center","background-size":"auto","background-attachment":"scroll","background-type":"","background-media":"","overlay-type":"","overlay-color":"","overlay-gradient":""}},"ast-content-background-meta":{"desktop":{"background-color":"var(--ast-global-color-5)","background-image":"","background-repeat":"repeat","background-position":"center center","background-size":"auto","background-attachment":"scroll","background-type":"","background-media":"","overlay-type":"","overlay-color":"","overlay-gradient":""},"tablet":{"background-color":"var(--ast-global-color-5)","background-image":"","background-repeat":"repeat","background-position":"center center","background-size":"auto","background-attachment":"scroll","background-type":"","background-media":"","overlay-type":"","overlay-color":"","overlay-gradient":""},"mobile":{"background-color":"var(--ast-global-color-5)","background-image":"","background-repeat":"repeat","background-position":"center center","background-size":"auto","background-attachment":"scroll","background-type":"","background-media":"","overlay-type":"","overlay-color":"","overlay-gradient":""}},"footnotes":""},"class_list":["post-44","page","type-page","status-publish","hentry"],"_links":{"self":[{"href":"https:\/\/www.bachelor-plus.de\/index.php\/wp-json\/wp\/v2\/pages\/44","targetHints":{"allow":["GET"]}}],"collection":[{"href":"https:\/\/www.bachelor-plus.de\/index.php\/wp-json\/wp\/v2\/pages"}],"about":[{"href":"https:\/\/www.bachelor-plus.de\/index.php\/wp-json\/wp\/v2\/types\/page"}],"author":[{"embeddable":true,"href":"https:\/\/www.bachelor-plus.de\/index.php\/wp-json\/wp\/v2\/users\/1"}],"replies":[{"embeddable":true,"href":"https:\/\/www.bachelor-plus.de\/index.php\/wp-json\/wp\/v2\/comments?post=44"}],"version-history":[{"count":3,"href":"https:\/\/www.bachelor-plus.de\/index.php\/wp-json\/wp\/v2\/pages\/44\/revisions"}],"predecessor-version":[{"id":755,"href":"https:\/\/www.bachelor-plus.de\/index.php\/wp-json\/wp\/v2\/pages\/44\/revisions\/755"}],"wp:attachment":[{"href":"https:\/\/www.bachelor-plus.de\/index.php\/wp-json\/wp\/v2\/media?parent=44"}],"curies":[{"name":"wp","href":"https:\/\/api.w.org\/{rel}","templated":true}]}}